-1325. What is the highest common factor of l and 41?
41
Let w be 4 - (-184)/(-44) - 68/(-11). Suppose 0 = -w*a + a + 320. Calculate the greatest common divisor of 16 and a.
16
Suppose -4*z = 2*f - 1774, 2*z + 0*f - 867 = 3*f. What is the highest common factor of z and 49?
49
Let m = -142 - -154. Calculate the highest common factor of 204 and m.
12
Let w(l) = -56*l + 69. Let s be w(1). Let a = 46 - -45. Calculate the greatest common factor of s and a.
13
Let d = 182 + -161. Calculate the highest common divisor of 9 and d.
3
Let q be ((-6)/5)/((-30)/675). Let a = q - 15. What is the highest common factor of a and 4?
4
Suppose -11*y + 1016 = -1041. What is the highest common factor of 17 and y?
17
Let o be -15*(40/6 - 7). Let q(j) = 85*j. Let u be q(1). What is the greatest common factor of u and o?
5
Let r = -9 - -38. What is the highest common divisor of r and 319?
29
Let b(q) = -q**2 - 7*q - 1. Let o be b(-4). Suppose 7*k + 11 = 8*k. What is the greatest common divisor of o and k?
11
Let x be 36/16 + (-2)/8. Let a = x - 3. Let p(d) = -18*d**3 - d - 1. Let i be p(a). What is the highest common factor of i and 90?
18
Suppose -5*f + 630 = 2*f. Suppose 0 = -h + 3*h - 36. What is the highest common divisor of h and f?
18
Let y(l) = 30*l**2 + 5*l + 3. Let z be y(-6). Suppose -z = 2*j - 11*j. What is the greatest common factor of 13 and j?
13
Let a be 0 + (-2)/(8/4) + 177. What is the highest common divisor of a and 33?
11
Let d = -152 - 167. Let w be (-3245)/(-7) + 3/(-28)*-4. Let n = w + d. What is the greatest common divisor of 29 and n?
29
Let k(x) = 2*x + 76. Let d be k(-23). Let p = -3 + 18. Calculate the greatest common divisor of p and d.
15
Let g(o) = -201*o - 60. Let n be g(-5). Calculate the greatest common divisor of n and 35.
35
Let q be 27/6*1110/9. Suppose q = x + 5*t + 50, -t = -x + 529. Suppose 2*v + v = x. What is the greatest common factor of v and 25?
25
Let u be 2/(-12) - (-26)/12. Suppose -3*m - 35 = -b, -u*m - 50 - 32 = -2*b. What is the greatest common factor of 66 and b?
22
Let g = -1459 + 1918. What is the highest common divisor of 81 and g?
27
Let t(o) = 21*o - 57. Let m be t(3). What is the highest common divisor of 12 and m?
6
Suppose -5*l + 593 = 2*d, 2*l = 5*d - 2*d + 241. Calculate the highest common divisor of 85 and l.
17
Let g = -272 + 320. What is the greatest common factor of g and 112?
16
Let v = -11953 - -11988. Let u(n) = 62*n**2 + n - 1. Let j be u(-2). Calculate the greatest common divisor of v and j.
35
Suppose -3*q - q = -8. Suppose -13 - 3 = -q*s. Calculate the highest common divisor of 8 and s.
8
Let q be (-4)/(-2) + (197 - 10). What is the greatest common factor of q and 81?
27
Suppose 4*i + 3*l = -6, 0 = 5*i + 2*l + 4. Suppose 0 = -2*v - 3*v - 2*j, i = -3*j. Suppose -40 = -5*b - v*b. What is the highest common factor of 8 and b?
8
Suppose -3*d + 7 = 2*o, -2*d + 3*d - 5*o = 8. Suppose 363 = d*y - 0*y. Suppose 50*l + 55*l = 20*l + 935. Calculate the greatest common divisor of l and y.
11
Suppose 0 = 4*n + 5*f + 46 + 16, n + 3 = 5*f. Let a be (n + 1 + 0)*294/(-84). Calculate the greatest common divisor of 147 and a.
21
Let d = -31 + 34. Let l be d/(-12)*-2*-10*-1. What is the greatest common factor of 25 and l?
5
Let o be (3 - 1)/(93/(-33) + 3). Suppose -216 = -o*y + 7*y. What is the highest common divisor of 6 and y?
6
Suppose 652 = 3*d - v + 5*v, -226 = -d + 3*v. Calculate the highest common factor of 66 and d.
22
Let w be (-12712)/(-182) + 2/13. Let t(x) = -x**2 + 14*x - 6. Let o be t(6). What is the greatest common factor of o and w?
14
Let u be 1 - 2749/(-21) - (-70)/735. Calculate the greatest common divisor of 231 and u.
33
Suppose 1048 = 39*x - 44. Suppose 1260 = 5*t - 2*f, t - 4*t = -5*f - 756. Calculate the greatest common divisor of x and t.
28
Let q = -532 + 712. What is the greatest common factor of 75 and q?
15
Let n = -939 + 942. Calculate the greatest common factor of n and 20.
1
Suppose 224 = x + 2*i, x - 224 = -592*i + 591*i. What is the greatest common divisor of 98 and x?
14
Suppose -3*p = 2*d - 183, 99 = d + 5*p - 2*p. Let o = 44 - 23. What is the greatest common factor of o and d?
21
Let c = -17 - -10. Let r be (1 - 2) + (c - -48). Let w = 7 + 9. What is the highest common divisor of r and w?
8
Let j be ((-24)/(-2))/3 - -2. Calculate the highest common divisor of 150 and j.
6
Let t(n) = n**3 - 5*n**2 + 3*n + 5. Let i be t(4). Suppose 2*z = 21 - i. Let d be (-3)/(-6) + (-14)/(-4). What is the greatest common divisor of z and d?
2
Suppose 6*h - 15 = 3. Suppose -21 = -3*u - 4*y, -h*u - y = u - 28. Calculate the highest common divisor of 7 and u.
7
Let z = 6 - -8. Suppose 70 = 8*o - 3*o. What is the greatest common factor of z and o?
14
Let n(d) = 2*d**2 - 6*d - 11. Let i be n(6). Suppose 0 = -2*t - 0*t - 5*z + 45, 2*t + z = i. What is the highest common factor of t and 5?
5
Let b(a) = -a**3 + 2*a - 1. Let m be b(-2). Suppose m*i = -45 - 48. Let q = i - -64. Calculate the highest common factor of q and 22.
11
Let z = 36 + -24. Suppose -5*k = -z + 2. What is the greatest common divisor of k and 2?
2
Suppose 201 = 3*c + 4*k - 383, 3*k - 788 = -4*c. Suppose c = d + 4*d. What is the highest common factor of d and 8?
8
Let r be 4 - (3 - 8/4). Suppose 2*k - 5*w - 85 = -r*k, 11 = 3*k + 5*w. Calculate the greatest common factor of k and 12.
12
Let j = 8 - 2. Let m(w) = w. Let g(v) = -12*v - 4. Let t(f) = g(f) + 20*m(f). Let p be t(j). What is the greatest common factor of 4 and p?
4
Suppose 2 = 3*u - 7. Suppose -4*o = v - 264, 0 = 4*o - u*v - 389 + 141. Suppose 0*j = -5*j + o. What is the greatest common divisor of 39 and j?
13
Let a(b) = b + 6. Let s be a(-3). Suppose -c - 2*c - 144 = -2*f, -f + s*c = -72. Let l be ((-17)/3)/((-6)/f). Calculate the highest common divisor of l and 17.
17
Let f(k) = -125*k + 72. Let q be f(-9). What is the highest common divisor of 126 and q?
63
Let k(r) = -11*r - 3. Let n be k(-6). Let z be -2 + (-5)/((-15)/18). Suppose y + 5*o - 47 = 0, -o - 3*o = -z. Calculate the greatest common divisor of n and y.
21
Let k be (-192)/(-168) + (-209)/(-7). What is the greatest common factor of 279 and k?
31
Let w = 8 - 8. Suppose y = -3*a + 204, -y - 5*a + 210 = -w*a. Suppose -3*r + 4*d + 90 = 0, 62 - y = -5*r + d. What is the greatest common divisor of 39 and r?
13
Let v be ((5*-1)/(-1))/(30/90). What is the greatest common divisor of v and 555?
15
Let a = 86 - 83. What is the highest common factor of a and 141?
3
Suppose 0 = 3*i + 3 - 3. Suppose i = 3*g + m - 103, 5*g - m = -5*m + 160. What is the greatest common factor of g and 9?
9
Suppose 0 = -c - 4*a + 34, -6*a = -c - 3*a + 13. Calculate the highest common divisor of c and 242.
22
Suppose 0 = -f + 2*p, -f - 4*p + 12 - 36 = 0. Let n be 1/2*f + 76. What is the greatest common factor of n and 24?
24
Let t(x) = -12*x**2 + 64*x - 17. Let w be t(5). Calculate the highest common factor of 48 and w.
3
Let l be (-2)/(-2)*11/1. Suppose y + 0*y - 23 = 0. Let f be -5 + y - (-5 + 1). Calculate the highest common factor of f and l.
11
Let p = -856 - -880. Calculate the highest common factor of p and 21.
3
Let v(y) = -y**2 + 5*y. Let p be v(6). Let w(q) = -q**2 - 12*q + 6. Let j be w(p). Let h = -28 + j. What is the highest common factor of 21 and h?
7
Let y be 95*3*(-10 - 31/(-3)). Calculate the highest common factor of y and 25.
5
Let d be ((-42)/5)/((-6)/20). Let k = -439 + 416. Let v = k + d. What is the greatest common divisor of v and 25?
5
Suppose 4*z = 3*z - 75. Let y be z/(-6)*(-56)/10. Let q be y/(-7) + 0 + 0. What is the greatest common factor of q and 20?
10
Let q = 218 + -174. What is the greatest common factor of q and 77?
11
Let p = 900 + -683. Calculate the greatest common factor of p and 341.
31
Let z(m) = 10*m**2 - m - 2. Let p be z(2). Suppose -10*t = -288 - 1332. What is the highest common divisor of t and p?
18
Suppose -4*t = 5*n - 8*t - 70, -3*t + 28 = 2*n. Let w(g) = 3*g - 10. Let f be w(n). What is the greatest common divisor of f and 32?
32
Let a be -2 - -1*(3 + 3). Let n = a - 10. Let l be -16*18*n/16. Calculate the highest common factor of l and 12.
12
Suppose -3*i = -0*i - 84. Suppose -7*j = -18*j + 1540. Calculate the greatest common factor of i and j.
28
Let l(s) = -s**3 - 16*s**2 - 52*s - 25. Let t b